
What is -5 + 0 + (2 - -1)?
-2
(-1 - (1 + -5)) + -2 + -1
0
What is (1 - 5) + (4 + -11 - -9)?
-2
What is the value of -2 + 8 + -11 + 7 + -11?
-9
Evaluate (1 - 0) + 2 + 2.
5
Calculate 7 - (10 - 5) - (2 - 3).
3
-16 - (12 - (31 + -14))
-11
What is the value of -14 + 9 - (9 + -7)?
-7
What is the value of (7 - -2) + -8 - -4?
5
Evaluate -8 + (-1 - -2) - -14.
7
What is the value of (-2 + 4 - 0) + -15 + 17?
4
Calculate -3 - (0 + (10 - 11)).
-2
8 + (-3 - (1 + (3 - 4)))
5
Calculate -8 + (-8 - 0) + 12.
-4
(1 - 3) + 4 + 1
3
What is (-1 + (-7 - -7) - 7) + -1?
-9
What is the value of 3 + -6 + (5 - 2) + -2?
-2
Evaluate -3 - (-8 + 8 + -9).
6
Calculate -14 - (1 + (-6 - 0)).
-9
-27 - -26 - (0 - -3)
-4
Calculate (-2 + 4 - 4) + 2.
0
What is the value of (1 - 7) + (-51 - -62) + -1?
4
Evaluate (11 - 9) + -5 + 0 + 2.
-1
-5 + -2 - (3 + -6)
-4
What is 3 - -3 - (-11 + 14)?
3
What is 1 - 0 - (27 + -31)?
5
Calculate (-1 - 2) + 5 + 2.
4
What is the value of 10 - 1 - (-9 + 10)?
8
What is 14 + -11 - -1 - (7 - 1)?
-2
Calculate -6 + 3 + 12 + -5.
4
Evaluate 20 - 11 - (13 + -1).
-3
Calculate -8 + (-2 - -3 - (1 + -5)).
-3
What is -2 + (4 - 9) + 2 - -10?
5
What is the value of -2 + -1 + 3 - 4?
-4
9 - 7 - (16 - 6 - 8)
0
What is the value of (-10 - -4) + (-5 - 0 - -5)?
-6
Evaluate -1 - (-7 - (-2 + 3) - -3).
4
What is the value of -1 - -1 - (9 + 12 + -16)?
-5
What is 5 + (1 - (1 + 1))?
4
Calculate (6 - 0 - 1) + -18 + 19.
6
What is 4 + -2 + (2 - -3 - 3)?
4
Evaluate -2 + -1 - ((4 - 8) + -2).
3
What is 4 + 21 + -10 + -10?
5
Calculate (-1 - 5) + 19 + -5 + -9.
-1
Evaluate 1 + -2 + -3 + 2 - -2.
0
(-1 - 0) + -16 + 12
-5
What is 0 + (-2 - (6 + -3 + 1))?
-6
(0 + 5 - 1) + (2 - 2)
4
Calculate -2 + 3 - 0 - (-13 + 16).
-2
What is -4 + 2 + (0 - -9) - 4?
3
What is 10 - (4 - (-3 - -4))?
7
Evaluate -3 + 4 - (-3 - (-6 + -1)).
-3
What is 4 + (1 - -7 - 3 - 8)?
1
Evaluate -5 + 2 + (9 - 2) + -1.
3
-7 - (-2 + 4 + -10 + 11)
-10
Evaluate -5 - (-7 + (19 - 11)).
-6
Evaluate 0 - (34 + -26 + (-1 - 0)).
-7
Evaluate -1 + 2 - (-41 + 44).
-2
-13 + (-2 - (-15 - -7))
-7
(-3 - 4) + -1 - -5
-3
-7 - (-3 - ((-1 - -2) + -1))
-4
9 + (-1 - 12) + 10
6
Evaluate -4 + 11 + 0 + -2.
5
What is -5 + 9 + 4 + -17?
-9
Calculate -3 - 3 - (-8 + -1 + -2).
5
What is 4 - (3 + -3 + 4 + -4)?
4
What is 0 + -8 - (-23 - (-13 - 4))?
-2
What is 5 + (7 - 3 - 5)?
4
-4 + 1 + 3 + 1
1
-105 + 107 - (-2 - -15)
-11
Evaluate 0 + -23 + 18 + -1 + 3.
-3
Evaluate 0 + 8 + (-14 - (9 + -18)).
3
Calculate -24 - -31 - (1 + 1).
5
Calculate 4 + (-2 - (4 + -2)).
0
Evaluate 24 + -16 + -3 + -1.
4
What is the value of 1 + 10 + -14 - (1 + 1)?
-5
What is the value of -26 + 18 + (1 - -2 - -1)?
-4
What is the value of 0 + 1 - 3 - (-4 - -1)?
1
Calculate -5 + (2 - 3 - -5).
-1
Evaluate 0 - ((24 - 25) + (2 - 4)).
3
Calculate -4 + 0 + (2 - -2) + 1.
1
What is 1 + -1 + (-6 - -4) + 1?
-1
Evaluate 11 + -2 + -14 + 9.
4
(0 - (0 + -2)) + 1
3
Calculate 5 + 1 + -2 + 0.
4
What is the value of 0 + -2 - (-5 + (1 - 0))?
2
Evaluate -6 + 7 + -4 - (2 - 4).
-1
What is -3 + 1 + (12 - 5)?
5
Evaluate -8 + 11 - (-2 + 3).
2
What is the value of 2 + -4 + 2 + (4 - 5)?
-1
Evaluate 0 - -3 - (-4 - -6).
1
6 + 2 + 4 + (-13 - -5)
4
Calculate -4 - (1 - 4 - 6).
5
Evaluate -1 + (-2 + -4 - (-11 - -1)).
3
What is the value of (-9 - -5) + -6 + 2?
-8
Calculate 3 + (3 - (0 - -4 - 2)).
4
Evaluate -4 + 2 + (-2 - 1 - 0).
-5
Calculate -1 + 0 - (10 + -5 - 6).
0
1 - (-43 - -49 - (4 + -1))
-2
Evaluate (-45 - -46) + (-5 - 2).
-6
Calculate -1 - 3 - (-17 - -11).
2
What is -9 - -11 - -7 - 17?
-8
What is the value of (15 - 13) + -3 + (1 - 0)?
0
What is 4 - (-6 - (-18 + 0 + 6))?
-2
Calculate (5 + -2 - 4) + 5.
4
Calculate -12 - 1 - (69 + -74).
-8
Calculate -1 + 2 - (-5 + 4).
2
Evaluate (0 - -1) + -2 - -4.
3
Calculate 10 + -5 - ((-5 - -2) + 6).
2
Evaluate -5 + 6 - -6 - 4.
3
Calculate (0 - 4) + 9 + -3.
2
What is -8 + 4 + -2 - (-6 - -2)?
-2
-6 - ((6 - (-6 + 9)) + -16)
7
11 + -8 + (3 - (4 - 0))
2
(-3 - (-1 - 8)) + -7
-1
Evaluate -2 + -1 - (3 + -16) - 6.
4
What is -2 + 0 + 0 + -5?
-7
Evaluate (6 - 10) + (10 - 3) + 2.
5
Evaluate (-8 - (5 + -13)) + (0 - 3).
-3
Evaluate 2 - (-4 + (3 - (1 - 9))).
-5
What is (5 - 7) + (-1 - 0)?
-3
Evaluate 0 - (11 - 6) - -6.
1
What is 2 - (10 - -7) - -8?
-7
-1 - 0 - (-9 + 11 + 1)
-4
-2 - (-2 - 5 - (8 - 15))
-2
What is -5 + -5 + 9 + -1 - 0?
-2
What is -2 - (2 + (-7 - 1))?
4
-8 + (-9 - (-15 - 3))
1
What is the value of 14 - (0 - -9) - 5?
0
What is 6 + -20 + 0 + 5?
-9
What is the value of -7 - (2 - (12 - -1))?
4
What is the value of -2 + 1 + 1 + (3 - 6)?
-3
Calculate 27 + -20 + 0 + -1.
6
What is the value of -15 + 17 + (-3 - -10)?
9
What is the value of 11 + 3 + -3 + (-4 - 0)?
7
Evaluate 5 - (4 - (0 - (8 + -10))).
3
What is the value of 1 + 3 + (-6 - (5 - 11))?
4
Evaluate (-2 - -2) + -5 - -8.
3
0 + (-7 - -4) + -1
-4
What is the value of 5 + 1 - ((13 - 6) + -8)?
7
What is the value of 11 + -2 + -25 - -8?
-8
What is -9 + (-2 - -1 - 0 - -4)?
-6
What is the value of -4 - ((0 - -1) + -2)?
-3
Calculate 5 + -8 + -5 - -12.
4
What is the value of 5 + -1 + 5 + -11 + -4?
-6
-4 + -7 + 10 - (2 + 0)
-3
-2 + 0 + -15 + (17 - -3)
3
Calculate -12 + 5 - -11 - (-2 + 1).
5
Evaluate -5 + (5 - 1) - (5 + -14).
8
Evaluate (-1 - -6 - -4) + -3 + -4.
2
Calculate 2 - (4 - 0 - 6).
4
What is -3 - (3 - (10 - -2) - -1)?
5
What is (0 - -3) + -4 + 1 + 1?
1
(3 - (2 - 0)) + -36 + 35
0
What is 7 - (-11 - 3 - -14)?
7
Evaluate -3 - ((-2 - -8) + 1 + -5).
-5
Calculate 1 - (-7 + 10) - (0 - 1).
-1
Calculate -24 - -35 - (-2 + -3) - 7.
9
Evaluate -3 - 0 - (-5 + (-2 - -6)).
-2
What is -7 + 11 + (0 - 0)?
4
Calculate 7 - ((2 - 3) + 6).
2
What is the value of 8 + -4 + (-8 - -5)?
1
Calculate 0 - (3 + (-3 - (-3 - -2))).
-1
What is the value of (-2 - -7) + (-25 - -20)?
0
Calculate -1 + -14 + 20 - 14.
-9
What is 2 - (-2 + -1 + 8 + -6)?
3
What is the value of -1 + -1 + 3 + -3 + 2?
0
What is the value of (-12 - (-6 - 10)) + 2?
6
Calculate 3 + (-3 - -2 - -3) + -3.
2
(-1 - -5 - (2 + 1)) + 0
1
14 + (-6 - (-4 - -7))
5
Calculate 5 - 8 - (0 - -5).
-8
Calculate (3 - (-2 + 2)) + -8.
-5
What is the value of -2 - (4 - 0 - 4 - 4)?
2
-2 - ((4 - 1) + -2)
-3
What is the value of -3 - (2 + -1) - (-1 - -2)?
-5
What is (4 - 4) + -6 + 2?
-4
-1 + (12 - (-3 + 10))
4
Calculate 4 + -6 + (-10 - -11).
-1
Calculate (-9 - -2 - -3) + 0.
-4
Evaluate 1 + -1 + 1 - 3.
-2
Calculate -6 - (7 + -14) - -1.
2
What is the value of -1 - (-3 + (7 - 6))?
1
-60 + 47 + 6 + 1
-6
What is the value of 6 + 3 + (1 - 5)?
5
What is the value of (-10 - -15 - -7) + -5?
7
Calculate 12 - (-1 + 3 - (-33 - -31)).
8
What is the value of -4 - (9 + 5 + -12)?
-6
Evaluate (1 - -2) + 0 - -2.
5
What is -4 - (-2 + (-4 - -9) + -8)?
1
Calculate (9 - 1) + 5 - 8.
5
Evaluate 4 + -2 + -5 - -3.
0
-4 - (8 - 6) - (-14 + 6)
2
Calculate 1 + -2 + 3 + -12 + 7.
-3
What is -56 - -60 - (-1 + 1)?
4
Calculate 2 + (11 + -9 - 6).
-2
1 - 10 - (-16 + 3)
4
Evaluate 2 - (-18 + 22) - (0 + 0).
-2
4 + -7 + -3 + 0 + 2
-4
(-4 - (-3 + -3)) + -2 + -9
-9
What is the value of 8 + -12 + 6 + -1 + -5?
-4
Evaluate (-2 - 1) + (3 - (1 - 0)).
-1
Calculate -25 + 28 - (-4 + 13).
-6
What is the value of 0 + (-1 - -2) + 19 + -20?
0
(13 - (-13 + 6 + 14)) + -4
2
-6 + (4 - (-4 + 2 - -5))
-5
(-1 - -1) + -59 + 68
9
-7 + 7 - (4 - -2)
-6
Calculate 9 + -4 - ((2 - 3) + 4).
2
Evaluate (5 - 7) + 9 - 2.
5
What is 2 + 5 + -9 + -2?
-4
-10 + 5 + 6 - (1 + -2)
2
Calculate -8 - ((4 - 3) + -4).
-5
What is -3 + 5 - (-17 - -9)?
10
(-9 - -8 - 6) + 1
-6
What is the value of 9 - 8 - (2 + 4)?
-5
Calculate 1 + (-7 + 5 - -3).
2
Calculate -2 + 8 + -3 + -6 + 2.
-1
Evaluate (0 + 0 - 3) + 7.
4
What is the value of -7 - (-3 - (-2 - (1 + -3)))?
-4
What is the value of 2 - (2 + (4 + -7 - -4))?
-1
What is the value of 10 - (7 + -5) - 3?
5
(-2 - (-1 + -1)) + 22 + -18
4
Calculate 14 - (-3 - (1 + -13)).
5
Evaluate 3 - 2 - -2 - (6 + -3).
0
Evaluate -9 + (13 - (2 - 1)).
3
Calculate 2 + (-4 - -3) + 2.
3
Evaluate 2 - -3 - (9 - 3 - 3).
2
Evaluate 0 - ((12 - 6) + -10 + 1).
3
Evaluate -6 + 2 + -2 - 2.
-8
Calculate 2 - ((5 - 1) + (-3 - 2)).
3
Calculate 0 - (5 - (-4 + -4 + 8)).
-5
Calculate -9 + (14 - 6 - 2).
-3
What is -3 - (1 + -5) - -4?
5
Evaluate 6 + (7 + -1 - (13 - 1)).
0
1 + -4 + (3 - -4)
4
Calculate -4 + -3 + (-2 - -4) + 2.
-3
-6 + 2 + -6 + 9
-1
8 + -1 - (0 - 0)
7
3 + -11 + 2 - -7
1
4 - (-3 - (0 + -3))
4
